?
3
What is the thousands digit of 19874058?
4
What is the units digit of 143399681?
1
What is the hundreds digit of 3385233484?
4
What is the thousands digit of 45755913?
5
What is the hundred millions digit of 580353344?
5
What is the hundred thousands digit of 52336688?
3
What is the ten millions digit of 102393779?
0
What is the hundred thousands digit of 21715645?
7
What is the thousands digit of 56019727?
9
What is the ten thousands digit of 375363079?
6
What is the ten millions digit of 107452150?
0
What is the millions digit of 18123198?
8
What is the hundred thousands digit of 22886607?
8
What is the hundred thousands digit of 84938671?
9
What is the millions digit of 1244442788?
4
What is the millions digit of 28166431?
8
What is the millions digit of 119477702?
9
What is the tens digit of 1275300341?
4
What is the ten millions digit of 13930316?
1
What is the tens digit of 336484973?
7
What is the thousands digit of 279979740?
9
What is the ten thousands digit of 4626184032?
8
What is the ten thousands digit of 567262361?
6
What is the hundreds digit of 141730167?
1
What is the thousands digit of 33976783?
6
What is the units digit of 44345264?
4
What is the hundreds digit of 165175491?
4
What is the millions digit of 571170112?
1
What is the units digit of 97454593?
3
What is the tens digit of 3679657?
5
What is the thousands digit of 1853292997?
2
What is the hundred thousands digit of 5782687920?
6
What is the ten thousands digit of 150749579?
4
What is the hundred thousands digit of 37067866?
0
What is the ten millions digit of 104300468?
0
What is the ten thousands digit of 47466581?
6
What is the billions digit of 2114333247?
2
What is the hundred thousands digit of 2188225327?
2
What is the hundred millions digit of 1082856534?
0
What is the hundreds digit of 411463988?
9
What is the tens digit of 52725577?
7
What is the ten millions digit of 135738267?
3
What is the millions digit of 225774127?
5
What is the hundreds digit of 48471909?
9
What is the hundred thousands digit of 563061982?
0
What is the hundred thousands digit of 5907103004?
1
What is the thousands digit of 78989723?
9
What is the thousands digit of 714228831?
8
What is the millions digit of 1987787967?
7
What is the millions digit of 282486532?
2
What is the hundred millions digit of 7881929976?
8
What is the hundreds digit of 1613645474?
4
What is the hundred thousands digit of 182354539?
3
What is the thousands digit of 124823243?
3
What is the units digit of 701565371?
1
What is the millions digit of 1548999136?
8
What is the millions digit of 80084945?
0
What is the ten millions digit of 27824943?
2
What is the tens digit of 1481412141?
4
What is the ten millions digit of 63976894?
6
What is the thousands digit of 654165233?
5
What is the hundreds digit of 388081183?
1
What is the tens digit of 219989041?
4
What is the hundreds digit of 108796203?
2
What is the thousands digit of 43909235?
9
What is the hundred thousands digit of 42005392?
0
What is the units digit of 393570405?
5
What is the units digit of 58949237?
7
What is the hundreds digit of 112994237?
2
What is the units digit of 572846687?
7
What is the tens digit of 13079871?
7
What is the tens digit of 2340589085?
8
What is the hundreds digit of 61036361?
3
What is the thousands digit of 257521853?
1
What is the millions digit of 2072707130?
2
What is the tens digit of 10989978?
7
What is the ten millions digit of 2801950249?
0
What is the hundred millions digit of 180938454?
1
What is the hundred millions digit of 822166066?
8
What is the tens digit of 23237749?
4
What is the hundreds digit of 48429056?
0
What is the tens digit of 680046211?
1
What is the ten thousands digit of 116885345?
8
What is the hundreds digit of 33392148?
1
What is the millions digit of 11736327?
1
What is the hundreds digit of 78060682?
6
What is the ten thousands digit of 165639459?
3
What is the ten millions digit of 36136376?
3
What is the tens digit of 680811055?
5
What is the ten millions digit of 1800331073?
0
What is the hundreds digit of 6285404?
4
What is the thousands digit of 139290314?
0
What is the units digit of 102320811?
1
What is the thousands digit of 156170568?
0
What is the ten millions digit of 1569340889?
6
What is the ten thousands digit of 556176622?
7
What is the hundreds digit of 1883894914?
9
What is the hundreds digit of 506858228?
2
What is the hundred thousands digit of 85516359?
5
What is the tens digit of 132507797?
9
What is the units digit of 85646810?
0
What is the hundred thousands digit of 56185455?
1
What is the hundred thousands digit of 1280100164?
1
What is the hundreds digit of 255395759?
7
What is the units digit of 98404370?
0
What is the units digit of 2961456743?
3
What is the millions digit of 11582013?
1
What is the thousands digit of 115296237?
6
What is the hundreds digit of 1342875978?
9
What is the hundreds digit of 17681575?
5
What is the hundreds digit of 256521970?
9
What is the ten millions digit of 124673278?
2
What is the units digit of 35317845?
5
What is the millions digit of 407079757?
7
What is the ten thousands digit of 11829021?
2
What is the millions digit of 194500736?
4
What is the hundred thousands digit of 9824464763?
4
What is the ten thousands digit of 24705262?
0
What is the hundred thousands digit of 151364103?
3
What is the thousands digit of 78849005?
9
What is the billions digit of 2623297401?
2
What is the thousands digit of 49029821?
9
What is the tens digit of 1544366?
6
What is the hundreds digit of 7468815550?
5
What is the ten thousands digit of 184468627?
6
What is the hundred millions digit of 674327482?
6
What is the hundreds digit of 77873675?
6
What is the units digit of 2639001832?
2
What is the hundreds digit of 66254737?
7
What is the millions digit of 23948906?
3
What is the thousands digit of 128215973?
5
What is the billions digit of 1816892538?
1
What is the tens digit of 132077827?
2
What is the hundred millions digit of 105565000?
1
What is the tens digit of 159390553?
5
What is the hundred thousands digit of 739494848?
4
What is the millions digit of 595625691?
5
What is the hundreds digit of 5029879663?
6
What is the tens digit of 746338835?
3
What is the units digit of 66745519?
9
What is the thousands digit of 278517204?
7
What is the hundreds digit of 147575635?
6
What is the thousands digit of 69680502?
0
What is the hundred thousands digit of 306300085?
3
What is the tens digit of 474418126?
2
What is the thousands digit of 742117218?
7
What is the ten thousands digit of 6682673554?
7
What is the ten thousands digit of 272403338?
0
What is the hundred thousands digit of 1356860700?
8
What is the units digit of 229133017?
7
What is the millions digit of 140015468?
0
What is the ten millions digit of 118425038?
1
What is the tens digit of 44705241?
4
What is the hundred thousands digit of 96072662?
0
What is the ten thousands digit of 464739802?
3
What is the hundreds digit of 31241557?
5
What is the tens digit of 277674468?
6
What is the tens digit of 2218794230?
3
What is the millions digit of 5073400?
5
What is the hundred thousands digit of 13838416?
8
What is the hundred millions digit of 134531366?
1
What is the thousands digit of 1744473772?
3
What is the hundreds digit of 712549779?
7
What is the tens digit of 54004383?
8
What is the ten thousands digit of 28523311?
2
What is the hundreds digit of 576216260?
2
What is the ten millions digit of 58115558?
5
What is the millions digit of 108591011?
8
What is the thousands digit of 665340460?
0
What is the tens digit of 1119722028?
2
What is the thousands digit of 787917225?
7
What is the tens digit of 18240786?
8
What is the units digit of 5252606779?
9
What is the tens digit of 210061521?
2
What is the ten millions digit of 56487810?
5
What is the thousands digit of 5560162?
0
What is the hundreds digit of 8014908?
9
What is the ten thousands digit of 53984783?
8
What is the hundred millions digit of 236764662?
2
What is the thousands digit of 483774500?
4
What is the hundreds digit of 2464492373?
3
What is the ten thousands digit of 63341425?
4
What is the ten millions digit of 190754147?
9
What is the units digit of 8697440?
0
What is the tens digit of 3615